1
-384 (base 12) to base 16
-214
What is 604 (base 11) in base 6?
3214
Convert -1002332 (base 4) to base 3.
-12212202
Convert -2a00 (base 11) to base 7.
-14201
Convert 11010110001011 (base 2) to base 5.
414312
-17511 (base 9) to base 15
-38a4
Convert 130 (base 16) to base 4.
10300
Convert 213313 (base 7) to base 5.
2142301
Convert 22331200 (base 4) to base 15.
d481
Convert 2b0c (base 16) to base 6.
123004
Convert -734 (base 15) to base 7.
-4510
Convert -817 (base 11) to base 7.
-2606
5711 (base 13) to base 8
27626
Convert 2b6d (base 16) to base 5.
323432
100010000001 (base 2) to base 4
202001
1961 (base 15) to base 4
1111303
-4220 (base 7) to base 3
-2000222
What is -5313 (base 6) in base 2?
-10010101101
Convert -5576 (base 9) to base 11.
-3105
Convert -147 (base 9) to base 10.
-124
What is ca29 (base 15) in base 13?
16626
-a492 (base 11) to base 13
-642b
Convert -24c0 (base 15) to base 7.
-31554
What is -10011100000101 (base 2) in base 14?
-38d7
-405 (base 7) to base 6
-533
What is -1551 (base 16) in base 13?
-263a
-1de (base 16) to base 7
-1252
Convert 15145 (base 6) to base 8.
4611
Convert -10226 (base 7) to base 2.
-100111010111
What is 431 (base 5) in base 15?
7b
Convert b992 (base 12) to base 7.
113342
What is 1010111 (base 3) in base 11?
689
7739 (base 16) to base 11
20a27
What is -14261 (base 11) in base 3?
-1000210220
What is -3262 (base 11) in base 15?
-141d
Convert 1010000011 (base 2) to base 15.
2cd
-2301 (base 7) to base 10
-834
What is -22111 (base 3) in base 16?
-e5
1970 (base 11) to base 16
9c1
101001010 (base 2) to base 4
11022
101100010001101 (base 2) to base 9
34077
What is 101011101 (base 2) in base 7?
1006
What is 25751 (base 8) in base 11?
849a
What is 4d2 (base 14) in base 10?
968
What is 4a3 (base 11) in base 9?
733
Convert 452 (base 16) to base 11.
916
What is 2329 (base 11) in base 10?
3056
33056 (base 7) to base 13
39c5
79b0 (base 15) to base 5
1311230
Convert 223051 (base 7) to base 13.
14c80
What is 719b (base 15) in base 16?
5dbc
What is 102220 (base 6) in base 11?
6259
What is e3 (base 15) in base 11?
184
Convert 507 (base 13) to base 11.
705
What is 1024 (base 7) in base 3?
111101
3074 (base 9) to base 12
137a
Convert 1c4 (base 16) to base 3.
121202
What is 1011101110100110 (base 2) in base 15?
e378
What is -5a7 (base 11) in base 15?
-332
1748 (base 9) to base 15
5e5
What is 1011001010 (base 2) in base 16?
2ca
What is 47 (base 11) in base 9?
56
351 (base 8) to base 4
3221
What is -136 (base 16) in base 3?
-102111
What is 2212 (base 3) in base 7?
140
702 (base 10) to base 4
22332
Convert -1d5 (base 15) to base 2.
-110101001
10012120 (base 4) to base 10
16792
What is -38685 (base 11) in base 4?
-31201132
Convert -641 (base 14) to base 9.
-1620
27ac (base 16) to base 8
23654
What is 1520 (base 6) in base 11?
341
Convert -21102222 (base 3) to base 14.
-1d98
53114 (base 6) to base 10
7174
Convert -1001120 (base 5) to base 12.
-9175
722 (base 10) to base 8
1322
Convert -12eb (base 16) to base 11.
-3703
What is 753 (base 8) in base 9?
605
10557 (base 10) to base 16
293d
Convert -23301 (base 4) to base 11.
-625
-8cb2 (base 13) to base 3
-1000002110
What is -133 (base 5) in base 2?
-101011
What is 12 (base 7) in base 2?
1001
What is 25400 (base 7) in base 16?
1a39
-110110011 (base 2) to base 5
-3220
-7472 (base 12) to base 3
-122111112
-af5 (base 16) to base 7
-11115
-a652 (base 16) to base 5
-2330303
-102310 (base 5) to base 2
-110101111111
What is 1224 (base 11) in base 10?
1599
What is -122 (base 11) in base 8?
-221
10022000 (base 4) to base 13
7997
What is -234 (base 10) in base 7?
-453
-1001011 (base 2) to base 3
-2210
-24 (base 15) to base 12
-2a
Convert 3326 (base 8) to base 15.
7ba
What is -18078 (base 9) in base 14?
-4784
c46 (base 14) to base 6
15102
2320 (base 5) to base 13
1ca
What is -88 (base 16) in base 9?
-161
3da (base 14) to base 3
1001220
What is 31432 (base 6) in base 12?
2578
-140 (base 7) to base 8
-115
What is -6102 (base 9) in base 2?
-1000101101001
What is 23132 (base 4) in base 10?
734
Convert -2600 (base 8) to base 15.
-63d
Convert 13451 (base 6) to base 10.
2119
-1006 (base 9) to base 13
-447
-4442243 (base 5) to base 9
-127670
What is 101212 (base 4) in base 14?
5a6
130310 (base 7) to base 16
5e64
What is -9210 (base 11) in base 3?
-121210001
What is -302 (base 10) in base 5?
-2202
Convert -38280 (base 10) to base 15.
-b520
1011321 (base 4) to base 5
120343
What is 43232 (base 5) in base 9?
4028
What is 61624 (base 7) in base 5?
440221
Convert -1778 (base 11) to base 8.
-4327
22d (base 14) to base 10
433
-10301332 (base 4) to base 15
-5c07
What is -419 (base 12) in base 4?
-21111
What is 2356 (base 7) in base 15?
3d4
-300301 (base 4) to base 15
-dd1
What is 26163 (base 10) in base 6?
321043
Convert 23120 (base 5) to base 10.
1660
1b8 (base 13) to base 3
102212
Convert -c16 (base 15) to base 9.
-3653
What is 60606 (base 7) in base 15?
4556
What is -780 (base 11) in base 3?
-1021122
15311 (base 9) to base 14
3b51
-211011 (base 4) to base 6
-14553
1d1d9 (base 14) to base 6
1332443
Convert -8428 (base 10) to base 6.
-103004
1745 (base 11) to base 14
b51
Convert -215 (base 7) to base 8.
-156
Convert 6b4 (base 16) to base 13.
a20
-143155 (base 7) to base 10
-27529
-5cbe (base 15) to base 9
-30078
180d (base 16) to base 13
2a58
17260 (base 8) to base 2
1111010110000
Convert -2115 (base 15) to base 5.
-210440
Convert -4065 (base 7) to base 11.
-1080
-212 (base 10) to base 2
-11010100
-a442 (base 11) to base 3
-200222121
Convert -198 (base 11) to base 12.
-170
-46ac (base 13) to base 9
-14568
What is -81b0 (base 14) in base 12?
-10aa6
Convert -22132 (base 5) to base 2.
-11000000110
Convert 6104 (base 12) to base 4.
2210110
Convert -744 (base 12) to base 4.
-100210
-5193 (base 12) to base 6
-105103
What is 10011001000 (base 2) in base 11?
a13
What is -1006d (base 14) in base 4?
-21121301
Convert -b4a (base 16) to base 14.
-10a6
What is 24082 (base 9) in base 10?
16112
Convert 56501 (base 7) to base 2.
11011111100101
Convert -30a1 (base 13) to base 7.
-25412
1000000 (base 3) to base 10
729
Convert 8343 (base 11) to base 13.
5058
Convert 585 (base 9) to base 7.
1256
Convert 14117 (base 9) to base 8.
22546
1500 (base 12) to base 4
212100
Convert 240225 (base 6) to base 9.
31508
What is -4178 (base 9) in base 12?
-1938
-20114 (base 5) to base 7
-3513
What is -471 (base 8) in base 2?
-100111001
-1001101111 (base 2) to base 11
-517
What is -5260 (base 8) in base 11?
-2068
Convert 86a (base 13) to base 12.
a00
-254 (base 11) to base 9
-364
Convert 5124 (base 6) to base 13.
691
What is 10311102 (base 4) in base 15?
5ce9
What is 81 (base 10) in base 12?
69
-4013 (base 10) to base 11
-3019
Convert 138 (base 9) to base 13.
8c
What is 1077 (base 11) in base 5?
21130
Convert 1322232 (base 4) to base 14.
2c10
Convert 1010000110 (base 2) to base 7.
1612
Convert -17333 (base 13) to base 2.
-1010110111001001
What is -60 (base 13) in base 6?
-210
What is -10025 (base 6) in base 9?
-1718
11000011100 (base 2) to base 3
2010221
870 (base 14) to base 13
9b2
What is 10010 (base 3) in base 11?
77
What is -406 (base 11) in base 5?
-3430
523 (base 7) to base 2
100000110
1312322 (base 4) to base 13
3605
Convert -34a97 (base 12) to base 2.
-10001010000010011
What is -420 (base 11) in base 6?
-2202
Convert 2e5 (base 16) to base 12.
519
-4201 (base 5) to base 12
-39b
Convert -100010111011001 (base 2) to base 10.
-17881
What is 18 (base 11) in base 13?
16
Convert 211320 (base 4) to base 10.
2424
112246 (base 7) to base 8
47072
-4269 (base 11) to base 10
-5641
104 (base 14) to base 8
310
What is -744 (base 8) in base 5?
-3414
Convert 22230 (base 4) to base 7.
1665
30513 (base 6) to base 14
16b3
89 (base 11) to base 16
61
-706 (base 13) to base 4
-102211
What is 10100110 (base 2) in base 5?
1131
What is -1472 (base 10) in base 7?
-4202
224031 (base 5) to base 7
32241
What is 283 (base 16) in base 15?
2cd
-36062 (base 8) to base 11
-1063a
What is 456521 (base 7) in base 11?
562a8
1c90 (base 13) to base 11
3298
Convert -706f (base 16) to base 11.
-1a697
Convert 428 (base 12) to base 8.
1140
Convert 398 (base 12) to base 7.
1412
Convert 431200 (base 5) to base 10.
14550
What is -10064 (base 7) in base 3?
-10100122
What is -14450 (ba